.
2, 3
Suppose -3*j = -4*h - 810, 4*h = 39*j - 37*j - 540. What are the prime factors of j?
2, 3, 5
Let b(y) be the second derivative of -y**3/3 + 4*y. Let r be b(-6). Suppose -7*x + 3*x + r = 0, x = 4*z - 105. What are the prime factors of z?
3
List the prime factors of ((-14)/(-6))/(0 - (-1)/291).
7, 97
Let p(y) = y**2 - y - 7. Let t be p(-3). Suppose -282 - 38 = -t*m. List the prime factors of m.
2
Let t be (-15 + 16)/(1/38). Suppose -5*q - 81 = -0*r - 2*r, 0 = -r + 2*q + t. List the prime factors of r.
2, 7
Let f(b) = -b**3 - 2*b**2 + 6*b + 6. Let c be f(-3). Let u = c - -98. What are the prime factors of u?
5, 19
Suppose -156*m + 144*m = -10392. List the prime factors of m.
2, 433
Suppose 10307 = 5*i + u, -5*i + 6*u = u - 10325. List the prime factors of i.
2, 1031
Let y(i) = 75*i**2 - 12*i - 1. What are the prime factors of y(-2)?
17, 19
Suppose 317*a - 338*a = -29862. List the prime factors of a.
2, 3, 79
Let a(h) = 3*h**3 + 6*h**2 - 10*h + 4. What are the prime factors of a(4)?
2, 3, 7
Let f = -12 + 19. Let v be f - (3 + -6)/(-3). Suppose 9 = v*q - 3*q. What are the prime factors of q?
3
Let w(p) = 16*p + 14. Let j be w(-6). Let a = -48 - j. Let r = 7 + a. List the prime factors of r.
41
Let i(j) = 2*j + 4. Let l be i(-12). Let k = -15 - l. Suppose -5*y - k*t = -40, -t - 10 = -2*y - 3*y. List the prime factors of y.
3
Let z = -1095 - -2700. What are the prime factors of z?
3, 5, 107
Suppose -647*x = -645*x - 2634. What are the prime factors of x?
3, 439
Suppose 13 = 5*g + 4*j, -g + 6*g + 3*j = 16. Suppose 2*k + 3*b - 213 = 0, g*k + b - 236 - 277 = 0. List the prime factors of k.
2, 3, 17
List the prime factors of 4120/6 - (-3)/((-63)/(-7)).
3, 229
Let n = -333 + 3805. List the prime factors of n.
2, 7, 31
What are the prime factors of 2/1 + 1 + (1313 - 5)?
3, 19, 23
List the prime factors of 12*(-1)/(3/(-48)).
2, 3
Let j(l) = -l**3 + 3*l**2 - l + 1. Let c be j(3). What are the prime factors of c/11 - (93/33 + -8)?
5
Let r(p) be the second derivative of 25*p**4/12 + p**3/3 - p**2/2 - 13*p. List the prime factors of r(2).
103
Let l(z) = -z**2 + 16*z - 9. Let k = -26 + 36. Let n be 136/k - 6/(-15). What are the prime factors of l(n)?
19
Let a(i) = -i**3 + 5*i**2 + 18*i - 6. Let h be a(7). Let t = h + -15. Suppose 13 + t = 5*p. List the prime factors of p.
2
Let z = -29 + 4. Let g = 28 + z. Suppose -a + 2*b + 53 = 0, g*a - 4*b - 100 = 49. What are the prime factors of a?
43
Let t(m) = -m**3 + 5*m - 1. Let q be t(2). List the prime factors of ((-66)/9)/(q/(-9)).
2, 3, 11
List the prime factors of 7889/69 - 4/(-6).
5, 23
Let c(j) = 7*j + 76. Let a be c(-12). Let u(f) = 2*f - 11. Let t(b) = 6*b - 33. Let m(s) = 2*t(s) - 7*u(s). List the prime factors of m(a).
3
Let a = -1761 - -3287. List the prime factors of a.
2, 7, 109
Suppose 0 = 5*d + 256 + 139. Let v = d + 194. List the prime factors of v.
5, 23
Suppose -f = 3*f - 360. Suppose -4*w - 5*m = -291, -w = -0*w + 3*m - 78. Suppose 3*p - w = f. What are the prime factors of p?
53
Let u(d) = 4*d**2 - 204. List the prime factors of u(19).
2, 5, 31
Suppose -2*f + 5*z + 4283 = 424, z = 5*f - 9590. List the prime factors of f.
3, 71
Let t = 13 - 10. Suppose 0*y + 4*y - 5*r = 61, t*r = -5*y + 30. Let b = 65 - y. What are the prime factors of b?
2, 7
Let h = -336 - -1556. What are the prime factors of h?
2, 5, 61
Let k(b) = -30*b**3 - 2*b**2 + 1. Let r be k(-1). Let v = 2 - 3. Let q = r + v. List the prime factors of q.
2, 7
Let u(a) be the third derivative of -a**6/120 + 11*a**5/60 + 4*a**3/3 + 244*a**2. Let z(l) = -11*l**3 - l - 1. Let m be z(-1). List the prime factors of u(m).
2
Suppose -2*m = 4*j - j, 0 = 4*m. Suppose j = -q - 3*q + 168. What are the prime factors of q?
2, 3, 7
Let u = 77 + 59. Let o = u - 96. List the prime factors of o.
2, 5
Let p be 2/((-8)/20) + 5. Suppose p = -6*b + 111 + 63. List the prime factors of b.
29
Suppose 0 = 7*g - 1111 - 730. What are the prime factors of g?
263
What are the prime factors of (1 - (-338)/6)*735/140?
7, 43
Let k = -42 + 10. Let u be (k/(-6))/((-20)/(-180)). Suppose -4*d + u = -28. List the prime factors of d.
19
Let r = 8 + 4. Let f = r + -10. Suppose 0*a + a + 2 = 0, -f*w - 4*a + 28 = 0. What are the prime factors of w?
2, 3
Suppose -11*v = -n - 10*v + 2256, -3*n + 6774 = -v. What are the prime factors of n?
3, 251
Suppose -84156 - 42197 = -29*b. What are the prime factors of b?
4357
Let q(s) = -s**3 + 8*s**2 + 9*s + 6. Let w be q(9). Suppose p + 10 = w*p. Suppose i + 4*i = -5*x + 145, -4*i + p*x = -122. List the prime factors of i.
2, 3, 5
Suppose -5*u = -4*k + 18, 2*k - 5*u = -3*u + 8. Suppose k*h = -4*w - 2, 0*w = -4*h - 2*w - 4. What are the prime factors of h/(-3)*30/1?
2, 5
Suppose -3*a + 15 = -30. Suppose -2*f - 75 = -7*f. Suppose 2*j = -3*j - 5*y + a, 3*y = j - f. List the prime factors of j.
2, 3
Let d(n) = -32*n + 1 + 18*n + 17*n + 3. Let u(s) = s - 2. Let o be u(5). What are the prime factors of d(o)?
13
Let p be 12/(-42) - 198/(-7). Let y = 46 - p. What are the prime factors of (-17 + y)*(-1 - -18)?
17
Suppose 5*h + 16 = 46. Suppose 303 = h*i + 51. What are the prime factors of i?
2, 3, 7
Suppose -3*x = 3*u + 21, 3*u + x = 2*x - 1. Let q be (-16)/u - (-54)/(-18). Suppose q*h + 70 = 10*h. What are the prime factors of h?
2, 7
Suppose -j = 3*p - 3718, -4*j + 6134 = -4*p - 8786. List the prime factors of j.
3727
Suppose d - 394 = h + 2*h, 3*h = 5*d - 2030. List the prime factors of d.
409
Let p(v) = -34*v**3 - 2*v**2 - v - 7. What are the prime factors of p(-2)?
7, 37
Let t(r) = 11*r - 9. Let s be t(-3). Let n be (s/(-28))/((-3)/4). List the prime factors of 64 - (2 + n)/(-2).
2
Let a(n) = 84*n**2 + 19*n + 23. What are the prime factors of a(-3)?
2, 19
Suppose -3*g - 224 = g. What are the prime factors of -4*7/(g/66)?
3, 11
Suppose 1244 = j + 4*v, v = 11 - 12. What are the prime factors of j?
2, 3, 13
Let t(z) = -26 - z - 5*z + 6. List the prime factors of t(-15).
2, 5, 7
Suppose o - 6 = 1. Let z = -3 + o. What are the prime factors of (-3354)/(-66) - z/(-22)?
3, 17
Let o(m) = 2*m + 7. Let g be o(-5). Let s(b) = 3*b - 3. Let u(q) = -3*q + 4. Let p(w) = -7*s(w) - 6*u(w). List the prime factors of p(g).
2, 3
Let g = 15 - 17. Let j(f) = -58*f - 9. What are the prime factors of j(g)?
107
List the prime factors of 10342/18*3 + 2/(-3).
1723
Let m = 23 + -24. Let f = 25 + m. List the prime factors of f.
2, 3
Suppose -3*n = 2*n + 3*h + 75, 5*n + 4*h + 70 = 0. Let z = 54 - n. Let k = z + -41. List the prime factors of k.
31
Let g(r) = -r**3 + 42*r**2 - 64*r - 107. What are the prime factors of g(40)?
13, 41
What are the prime factors of ((-21)/(-28))/(1*(-2)/(-1536))?
2, 3
Let f be (140/(-30))/(3/(-54)). What are the prime factors of -1 + 1*f + -1?
2, 41
List the prime factors of (-2)/(-4) - ((-5827)/2 + 7).
3, 17, 19
Suppose 0 = h - 2*h + 2. List the prime factors of 5/(-40)*-452 - h/(-4).
3, 19
Suppose 141 + 104 = -4*y + 5*q, 2*q + 45 = -y. List the prime factors of 10/y + (-1062)/(-33).
2
Let m(j) = 261*j - 179. What are the prime factors of m(11)?
2, 673
Let g = 19 + 367. Suppose 5*l - g = -21. What are the prime factors of l?
73
List the prime factors of ((-4)/(-1))/12*0 + 371.
7, 53
Let m(t) = 2*t**3 - 11*t**2 - 17*t + 1. Let u(d) = -d**3 - 11*d**2 - 20*d - 11. Let z be u(-9). What are the prime factors of m(z)?
29
Let q(i) = 141*i**2 - 2*i - 7. List the prime factors of q(3).
2, 157
Let y be ((-10)/2)/((-2)/(-14)). Let t be y/(5 + 0) + 1. What are the prime factors of (-9)/t*236/6?
59
Let u(b) = -b**3 + 6*b**2 + 2*b - 3. Let p be u(6). Suppose -10*w + 27 = -p*w. Suppose -180 = -w*n + 22*n. What are the prime factors of n?
2, 3
Let n(w) = 5*w**2 - 5*w + 11. Let i(u) = 11*u**2 - 10*u + 23. Let y(l) = -3*i(l) + 7*n(l). What are the prime factors of y(5)?
3, 11
Let i(a) = -508*a**3 - 12*a**2 - 8*a + 2. List the prime factors of i(-2).
2, 2017
Let y(d) = d + 8. Suppose z = 4*c + 9 + 3, -4*c + 2*z = 8. Let r be y(c). Suppose 3*l - r*l + 13 = 0. List the prime factors of l.
13
Suppose 3*b + 4336 = 5*h, 68*h + 2*b = 67*h + 875. List the prime factors of h.
11, 79
Let o = 13 - 10. Suppose -o*r + 15 - 3 = 0. Suppose r*p - 15 = p. List the prime factors of p.
5
Let a(k) = 3*k - 20. Let g = 33 + -24. What are the prime factors of a(g)?
7
Suppose -